4*i = 12, 0 = 5*l - 3*i - 2*i - m. What are the prime factors of 4/(-14) - (-258)/l?
2, 3
Suppose 4*f = 2*f. Suppose f = -w + 2*w - 6. What are the prime factors of w - (-2 + 1 - -1)?
2, 3
Let h(g) = g**2 - g. Let q be h(-2). Let t = q - -3. What are the prime factors of t?
3
Let k(o) = -o**2 - 7*o + 11. Let t be k(-8). Suppose -z = -t*z - 10. Let d = 15 + z. What are the prime factors of d?
2, 5
Suppose 2*w - 25 = 3*w + 3*j, -3*j - 89 = 5*w. Let o(c) = -4*c**2 - 2*c + 2. Let a be o(-2). Let m = a - w. List the prime factors of m.
2, 3
Let w = 22 + 33. What are the prime factors of w?
5, 11
Let q be -35*(-2)/(-15)*-3. Suppose -i + 13 = -q. What are the prime factors of i?
3
Let d be (4 + 0)*6/12. Let a be d/4 + 1/(-2). What are the prime factors of (-3 - a)*(-8)/6?
2
Suppose j - 4*d = 55, -2*d + 81 + 56 = 3*j. What are the prime factors of j?
47
Let m = -8 - -18. List the prime factors of m.
2, 5
List the prime factors of (-2 - 2) + 9 + 13.
2, 3
Let d(q) = 2*q**2 + 3*q - 1. Let m be d(3). Suppose -m = -2*x - 2. What are the prime factors of x?
2, 3
Suppose 3*k + a - 51 = -2*a, -a = 4*k - 74. What are the prime factors of k?
19
Let s(j) = -j**3 + 4*j**2 + 2*j + 6. Let i be s(5). Let l = 11 + i. List the prime factors of l.
2
Suppose 3*f + 127 = -3*c + c, 0 = 2*c - 3*f + 121. What are the prime factors of c/(-3) + 9/27?
3, 7
Let z(n) = -27*n + 6. Let u be z(-2). Suppose 0 = 2*r - 27 + 11. Suppose r*w - u = 3*w. What are the prime factors of w?
2, 3
What are the prime factors of 76/(-2)*(1/1)/(-2)?
19
Let f be (-16)/(-7) + 10/(-35). Suppose 3*x = 2*j + 23, x - 3*j + 26 = f*x. List the prime factors of x.
11
Suppose -2*r + 131 = 13. Suppose 4*q - 124 = -4*a, 0 = q - 3*q - a + r. What are the prime factors of q?
2, 7
Let d = -1 - -5. Suppose -d*h + 0*h + 8 = 0. Suppose 0 = 2*u + h - 10. List the prime factors of u.
2
Let u(h) = -h**2 + 5*h + 4. Let y be 4/16 + 23/4. Let f = 11 - y. List the prime factors of u(f).
2
Let x(m) = -2*m + 71. What are the prime factors of x(0)?
71
List the prime factors of 13/52 - (-207)/4.
2, 13
Suppose 3*c = 4*m + 8, -3*c - 2*m + 10 = -4. Suppose -l + c = 0, 4*d = 5*l + 146 - 10. What are the prime factors of d?
3, 13
Let n(v) = v + 2. Let d be n(4). List the prime factors of 0 + -8*d/(-4).
2, 3
Let n be 58/(-8) + 2/8. Let u(r) = -5*r**2 + 5*r - 1. Let d(k) = -k**2 + 1. Let s(o) = -6*d(o) + u(o). What are the prime factors of s(n)?
7
Let k = 13 - -40. What are the prime factors of k?
53
Let q(l) = -3*l - 3. Let r(b) = 4*b + 2. Let d(x) = 6*q(x) + 4*r(x). What are the prime factors of d(-7)?
2
Let v(b) = 4*b - 4. Let l be v(-2). Let r = -9 - l. What are the prime factors of r?
3
Suppose 0 = -2*k - 3*p - 3, -1 + 4 = -p. Let o(b) = k*b - 3*b - 5 + b. List the prime factors of o(10).
5
Let q(n) = -6*n**2 - 11*n - n**3 + 6 - 1 + 16*n**2 + 2*n**3. What are the prime factors of q(-11)?
5
Let z(v) = v**3 + 3*v**2 + 2. Let s be z(-2). List the prime factors of (s + -4)*(-26)/(-4).
13
Let i = -16 + 48. Suppose 5*c + 4*n = 31 + 9, -4*c = -n - i. Suppose 1 = p, -4*p + c = 5*d - 26. List the prime factors of d.
2, 3
Suppose -4*w = 27 - 91. Suppose -a + z - w = 0, -a - 16 = -z - 3*z. Let b = a - -25. What are the prime factors of b?
3
Let o(j) = j**2 + 9*j - 1. Let z be o(-10). Suppose 5*h - 3*d = 26, 4*d - 1 = -z. Suppose -q + 14 = 2*s, q - h*q + 30 = 3*s. List the prime factors of q.
2, 3
Let u(j) = -j**2 + 9*j. Let k be u(8). List the prime factors of 339/12 + (-2)/k.
2, 7
Let j = 47 - 26. Let w = -13 + j. What are the prime factors of w?
2
Let a(y) = -20*y + 32. What are the prime factors of a(-4)?
2, 7
Suppose -3*j = b - 126, 3*j + 0*b = 4*b + 126. What are the prime factors of j?
2, 3, 7
Let v = -2 + 6. Suppose 4*m = 2*m + v. What are the prime factors of (-1)/m + (-115)/(-10)?
11
Suppose -2*t + 5 = -5. Let p(w) = w**2 - 2*w + 2. What are the prime factors of p(t)?
17
Let l = -165 - -110. Suppose 4*w + 181 = 5*z, 0 = 3*w + 2*z - 5*z + 132. Let m = w - l. What are the prime factors of m?
2
Let h(l) = l**2 + 5*l + 5. Let r be h(-5). Suppose 127 = r*s - 3*a, -99 = s - 6*s - 4*a. List the prime factors of s.
23
Suppose -3*j = j - 36. List the prime factors of j.
3
Let w = 20 + 1. List the prime factors of w.
3, 7
Let f = 0 - 0. List the prime factors of 7 + f/(6/3).
7
Let o = 148 + -111. List the prime factors of o.
37
Suppose m + 2*m = 39. What are the prime factors of m?
13
What are the prime factors of (4 + 1*-1)/((-93)/(-806))?
2, 13
Suppose -3*m = m - 628. List the prime factors of m.
157
Suppose 9*l - 181 = 260. What are the prime factors of l?
7
Suppose 70 = -b - 154. List the prime factors of ((-6)/(-4))/((-21)/b).
2
Let r = -24 - -50. What are the prime factors of r?
2, 13
Let a be 1/(70/(-148) + (-1)/(-2)). Let s be (1 - (-20)/1)/(-1). Let h = a + s. List the prime factors of h.
2
Let x be 0/((-2)/(-1 - -2)). List the prime factors of (-20)/(-2) - (2 + x).
2
Let c = -4 + 13. Let t = c - -9. What are the prime factors of t?
2, 3
Let p(o) = o**3 + 5*o**2 + o - 6. Let s be p(-5). Let d be 2 + -1 - -6 - (-3 - -6). Let h = d - s. List the prime factors of h.
3, 5
What are the prime factors of (69/6)/(((-15)/(-18))/5)?
3, 23
Suppose 9 = 2*b + 3. Suppose w + 0*w = b*r - 46, r - 10 = 3*w. List the prime factors of (r - 2)*4/8.
7
Suppose -3*m + u = -m + 29, -u = 5*m + 76. Let q(h) = h**3 - 8*h**2 + 5*h - 9. Let r be q(7). Let k = m - r. List the prime factors of k.
2
Let v be (1 - 0)/(2/12). Suppose 0*z = -2*d + 5*z + 60, 3*z + v = 0. List the prime factors of d.
5
Suppose -5 = 5*h - 3*y, 3*y + y = h + 18. Suppose h*v - 6 = 10. List the prime factors of v.
2
Let t be (-2)/(-8) + 702/(-24). Let w = 68 + t. Suppose -2*p - p = -w. List the prime factors of p.
13
Let c(x) = -8*x. Suppose 0 = 4*v - 0 + 4. What are the prime factors of c(v)?
2
Let z(x) = 2*x**2 + 2*x - 1. Let s be z(-4). Let g = s - 2. List the prime factors of g.
3, 7
Let r be 0 + -1 + (-2)/(-2). Suppose 3*x = -5*a + 51, r*x - 85 = -5*x + 3*a. List the prime factors of x.
17
Suppose -4*q = -5*m - 148, 0 = -2*q - 3*m - 5 + 57. Suppose -q + 77 = 3*f. What are the prime factors of (8/(-5))/((-3)/f)?
2
Let m(o) = -o**2 - 5*o + 1. Let t be m(-5). What are the prime factors of (-8)/((2 - t)*-1)?
2
Let i(q) = -1 + 2*q - 4*q - 3*q + 2. Suppose -3 = 2*s - 1. List the prime factors of i(s).
2, 3
Let z be (-42)/(-10) + (-8)/40. Let w = 27 + z. What are the prime factors of w?
31
Suppose 4*k = -2*f + 20, 3*k - 20 = -k + 5*f. Let z = 8 - k. Let t(y) = -y**3 + 5*y**2 - 5*y + 4. What are the prime factors of t(z)?
7
Suppose 3*m - 20 = -4*g, -2*m - 3*g - 2 = -8*g. Let n(r) be the first derivative of 2*r**2 - 4*r + 1. List the prime factors of n(m).
2, 3
Let o = 91 + -42. List the prime factors of o.
7
Suppose 4*r - 39 - 81 = 0. List the prime factors of r.
2, 3, 5
Let k = -26 - -111. Suppose -2*y - 4*v = -12 - 30, 5*v = -5*y + k. List the prime factors of y.
13
Let l(k) = k - 3. Let u(n) = 2*n**2 - n - 1. Let g be u(2). What are the prime factors of l(g)?
2
Let i = 10 - -9. List the prime factors of i.
19
Let o = 101 - 44. List the prime factors of o.
3, 19
Suppose 15 = 5*z + 5*m, 0 = -5*z - m - 1. Let n be (-4)/z + (-8)/4. Suppose -4*x - 12 = 0, -n*s + x = 4 - 19. What are the prime factors of s?
2, 3
Suppose -3*a - 2*a - 30 = 0. Let x(r) be the first derivative of -r**2/2 - 2*r - 3. What are the prime factors of x(a)?
2
Let r = -5 + -7. Suppose 0 = -4*g + 1 + 3. List the prime factors of (30/r)/(g/(-4)).
2, 5
Let c = -8 - -10. Suppose 3*x = 2*x + 3*a - 2, -c*a - 1 = -x. What are the prime factors of x/((-3)/6*-2)?
7
Let j = 4 - 8. Let n be (-20)/j + 2/(-1). What are the prime factors of (-6)/(-5)*20/n?
2
Let i(f) = -f**3 - 7*f**2 + 11*f - 5. What are the prime factors of i(-9)?
2, 29
Let l = -1 - -2. Let y be (-1 - 0)*-10*l. List the prime factors of 5*(24/y - 0).
2, 3
Let u(s) be the first derivative of s**2/2 - s - 1. What are the prime factors of u(10)?
3
Let h = -63 - -45. Let w = 31 - h. What are the prime factors of w?
7
Let z(v) be the first derivative of v**2/2 - 3*v + 7. Let o(j) = 3*j - 1. Let q be o(2). What are the prime factors of z(q)?
2
Let k(i) = -i**3 + 5*i**2 - 3*i - 2. Let p be k(4). Suppose -g = p*u - 12, -g + u + 2 - 5 = 0. List the prime factors of g.
2
S